 Give n(x).
-5
Let n(a) = a**3 - 4*a + 2*a - 3*a + 4 - 2*a**2. Let d(b) = -b - 3*b**3 + 1 - 1 - 1. Let q be d(-1). Determine n(q).
-2
Let w(f) be the third derivative of -f**5/60 - f**4/8 - 2*f**3/3 - f**2. Let g(t) = t**3 + 7*t**2 + t + 8. Let a be g(-7). Suppose 0 = -5*u - 19 - a. Give w(u).
-8
Let a = -12 + 3. Let b be 34/6 - 3/a. Suppose 3*v + b = 5*v. Let i(s) = -3*s + 2. Determine i(v).
-7
Let y(k) = -15*k**2 + 11*k - 8. Let v(t) = -7*t**2 + 5*t - 4. Let m(u) = 13*v(u) - 6*y(u). Let q = -2 + 2. What is m(q)?
-4
Let p(s) = -s**3 - 4*s**2 + s - 1. Let c = -63 - -59. What is p(c)?
-5
Let i(f) = -f - 3. Let p = -15 - -50. Suppose 4*a = -b + 8 + 4, -5*b - a = p. Let x = -8 - b. Determine i(x).
-3
Suppose -7 = 3*f - 0*f - 4*d, -2*d + 11 = -3*f. Let g be (3 - 1) + (f - -7). Let c(w) = w**3 - 5*w**2 + 4*w - 6. Determine c(g).
-6
Let j(b) = b + 10. Let f(i) = -i + 7. Let x be f(5). Suppose -14 = x*o - 0. Let y be j(o). Let v(u) = u**3 - 4*u**2 + u - 3. Calculate v(y).
-9
Let s(x) = 1 + 4*x**2 - 3*x + 0*x**2 - x**3 + x**2. Let w be s(4). Let y(p) = -2*p + 7. Give y(w).
-3
Let n(j) = -j + 1. Let x(s) = -2. Let b(o) = -2*n(o) + x(o). What is b(4)?
4
Suppose 4*o + 2*z = -6, 1 = -o + 3*z + 3. Let h(c) = -c**2 - 2. Let p(t) = 0 + 1 + 2*t**2 - 3*t**2 - 2. Let s(n) = -2*h(n) + 3*p(n). What is s(o)?
0
Let y(o) = -15*o**3 - 13*o**3 - 2 - 4*o**2 + 30*o**3 + 4*o. Calculate y(2).
6
Let f be ((-4)/(-4))/(-1 + 0). Let w be (2 + f)*1*2. Suppose -w*p + 2 + 0 = -2*u, -5 = u + p. Let t(n) = 2*n**2 + 3*n. What is t(u)?
9
Suppose 3 = c + 8. Let g(f) = -f + 2. Calculate g(c).
7
Let z(w) = 348 + 349 + w**3 + 5*w - 693 + 5*w**2. Give z(-3).
7
Let f be (-7)/21 - (-38)/6. Let p(d) = -f*d**2 - 7*d + 3*d + 5*d**2. Determine p(-3).
3
Let s(c) = 2*c**2 + 7*c. Let y(m) = 2*m**2 - 3*m**2 - m**2 + 10*m + 5*m**2. Let g(r) = -8*s(r) + 5*y(r). What is g(-6)?
0
Suppose -4*v - 2 = -10. Let y(o) be the third derivative of -o**6/60 + o**5/15 - o**4/12 - o**3/3 - o**2. What is y(v)?
-6
Let c be (1/(-3))/((-7)/(-63)). Let y(u) be the second derivative of u**3/3 + 2*u**2 - u. Let b be y(c). Let q(z) = 4*z. Give q(b).
-8
Let b(j) = -j**2 - 5*j - 6. Let i be b(-4). Let d = 7 + i. Suppose 0 = d*t - 10, -2*y - 20 = -5*t. Let p(m) = m**2 + 5*m + 6. What is p(y)?
6
Let z(w) = 9*w - 3. Let a(m) = 19*m - 8. Let g(o) = -2*a(o) + 5*z(o). Calculate g(1).
8
Let m(l) be the second derivative of -l**3/2 - 3*l**2 - 31*l. What is m(-4)?
6
Let u(m) be the second derivative of -7*m**4/12 + 12*m. Give u(1).
-7
Let t(q) = -3*q. Let v be t(-4). Suppose -4 = 3*b + 5*j - 21, 4*b = 2*j - v. Let h(w) = 4*w**3 + 2*w + 1. Calculate h(b).
-5
Suppose 3*k + 3*p = 30, -8*p + 52 = 5*k - 4*p. Let s = k + -18. Let j(c) = c**2 + 8*c. What is j(s)?
-12
Let q(s) be the second derivative of 5*s + 1/6*s**3 - 2*s**2 + 0. Suppose -3*z + 0*z + 9 = 0. Give q(z).
-1
Suppose 3*z = 4*z - 2. Let f(g) = -4 + g**z + g - 7*g**2 - 4*g + 2*g - g**3. Determine f(-6).
2
Let x(s) = -2*s**3 - 17*s + 30*s - 14*s. Determine x(1).
-3
Suppose -5*p = -28 - 2. Let s = p - 3. Let j(f) = -1 + 5*f - 5 + 2 - f**2. Give j(s).
2
Let z(n) be the second derivative of -n**5/20 + n**3/3 - 2*n**2 + 5*n. Let q(p) = -p**3 + 2*p - 5. Let l(m) = -3*q(m) + 4*z(m). Determine l(2).
-5
Let s(l) = 3*l**2 + 4*l + 2. Let b(o) = -o**2 - o + 4. Let f(t) = -5*t**2 - 5*t + 21. Let i(a) = -11*b(a) + 2*f(a). Let c be i(0). What is s(c)?
6
Let s(y) = -2*y**3 + 2*y**2 - y + 2. Let t(g) = -g**3 - 2*g - 1. Let r be t(-1). Give s(r).
-8
Let g(m) = m + 4. Let n = -44 - -35. Calculate g(n).
-5
Let s(y) be the first derivative of -y**5/20 + 5*y**4/12 + 5*y**3/6 + 4*y**2 + 5*y + 3. Let i(v) be the first derivative of s(v). Give i(6).
2
Let w(y) = -y**3 + 6*y**2 + 8. Let r = -14 - -17. Suppose 3*b - r = -2*s + 13, -b + 3*s + 9 = 0. What is w(b)?
8
Let s(p) = -2*p + 4. Suppose -m - 3*f = 2*m + 15, -25 = 5*m + 2*f. What is s(m)?
14
Let z(q) = q**2 + 2*q + 2. Suppose 3*x = -4 - 2. Let f be z(x). Let h(n) = n**3 - n**3 - n - f*n**2 + 0*n**2 + n**3. Give h(-1).
-2
Suppose q + 4 = 3*f - 5, f - 3 = -5*q. Let g(w) be the second derivative of 0 + 1/6*w**f + w + 5/2*w**2. Give g(-4).
1
Let q(p) = -p**2 - 3*p - 6. Let v(u) = -u. Let o(z) = q(z) + v(z). What is o(-5)?
-11
Let a(v) = v**3 - 2*v**2 - v + 2. Let h(l) = -l**2 + 8*l + 11. Let g be h(9). Suppose -g*w = -b - b, -2*b = 3*w - 15. Determine a(b).
8
Let l be 24/(-10) - (-8)/20. Let m(r) = r. Let q(k) be the third derivative of -7*k**4/24 + 2*k**2. Let u(b) = -5*m(b) - q(b). Give u(l).
-4
Suppose p - 3 + 0 = 0. Let c(f) = -f + 5. Let q(x) = -4. Let j(g) = c(g) + 2*q(g). Calculate j(p).
-6
Let f(k) = 24*k + 20*k + 13*k - 54*k + 2. What is f(-1)?
-1
Let v(i) = -i**2 + 1. Suppose 3*p = 2*p. Suppose k = 3 - p. Give v(k).
-8
Let u(d) = d + 1. Let y(n) = 1. Let c(q) = 2*u(q) - y(q). Determine c(5).
11
Let a be (-8)/6*6/(-4). Let t(g) = 8*g - 7*g**2 + 1 + a + 6*g**2 - 5. Determine t(7).
5
Suppose x + 6 = -t - 0*x, 0 = 2*t - 4*x - 18. Let p(m) = -8*m**2 + m + 1. Give p(t).
-8
Let w(i) = i**2 + 7*i + 5. Let l(f) = -f**3 - 2*f**2 + 3*f + 2. Let s be l(-3). Let a(r) = -2*r**3 + 4*r**2 - 3*r + 1. Let m be a(s). Calculate w(m).
-5
Suppose -5*n = -4*k - 1 - 10, 6 = -k - 2*n. Let q(f) = f + 3. What is q(k)?
-1
Let d(w) be the second derivative of 0 - 5/12*w**4 - 1/20*w**5 + 3*w**2 - w + 1/6*w**3. Let k = 2 - 7. What is d(k)?
1
Let o(x) = -5*x**3 - 4*x - 4. Let h(q) = 6*q**3 + 3*q + 3. Let w(v) = 4*h(v) + 3*o(v). Give w(-1).
-9
Let t(g) be the third derivative of g**6/120 - g**5/12 - g**4/8 + 2*g**3/3 + 14*g**2. Give t(5).
-11
Let n(t) = t**2 + 5*t - 7. Let w be n(-6). Let o(j) be the second derivative of -9*j**5/20 - j**4/12 + j**3/6 + j**2/2 - 5*j. Determine o(w).
8
Let s(g) = -2*g - 3. Let x = -2 - 0. Let y be s(x). Let u(h) = -h + h + h + 5*h**2. Calculate u(y).
6
Let g(u) = -u**2 + 6*u. Let s = 31 + -28. What is g(s)?
9
Let u be 66/10 - (-39)/(-65). Let s(i) = i**3 - 6*i**2 - 3*i + 9. What is s(u)?
-9
Let s(u) = u**3 + 6*u**2 + 4*u - 3. Let c be s(-5). Let z(o) = 1 + 5*o**2 + 0*o - o - 4*o**c - 5. Suppose 3*d + 5 + 2 = 4*m, 5*d + 5*m = 35. What is z(d)?
2
Let w(g) = -2*g + 2 + 4*g + 3*g. Let h(j) = -7*j + 3. Let q(k) = 6*k - 2. Let s(b) = -3*h(b) - 4*q(b). Let o(y) = -8*s(y) - 5*w(y). What is o(-4)?
2
Let z(d) = -3*d + 8. Suppose -7*n + 14*n - 42 = 0. Calculate z(n).
-10
Let r be 4/24 + 11/6. Let x(c) = -4*c**2 + 3*c. Give x(r).
-10
Let o(a) = 4*a**3 - 10*a**2 - 3*a - 5. Let z(i) = 7*i**3 - 19*i**2 - 5*i - 9. Let l(c) = -5*o(c) + 3*z(c). Calculate l(7).
-2
Let y = -54 + 54. Let c(b) = -4*b**3 - 4*b**2 - 7*b + 15. Let m(k) = 3*k**3 + 3*k**2 + 5*k - 10. Let s(j) = -5*c(j) - 7*m(j). Give s(y).
-5
Suppose -25 = -7*q + 2*q. Let v(f) = -2 - 5*f + f + q*f. Suppose 0 = -4*k + 7*k - 6. What is v(k)?
0
Let c = 8 - 14. Let o(x) = -4*x**3 + x**2 - 1. Let w be o(-1). Let j(l) = -w*l + 4*l - 12*l**3 + 6*l**2 + 13*l**3 - 1. Determine j(c).
-1
Let k(y) = 2*y - 2 + y**3 + 6*y**2 - 2*y**3 - 8 + 3. Let c be k(6). Let n(h) = -h**2 + 7*h - 3. Give n(c).
7
Let z be (-2)/(2*(-2)/(-8)). Let x(i) be the third derivative of i**6/360 + i**5/20 - i**4/12 - i**2. Let y(w) be the second derivative of x(w). What is y(z)?
-2
Let j(m) be the first derivative of m**5/20 + m**4/12 + m**3/6 + 3*m**2/2 - 6*m + 1. Let q(i) be the first derivative of j(i). Determine q(0).
3
Let p = -2 - -8. Let d(x) be the second derivative of -x**5/20 + x**4/2 - x**3/3 + 7*x**2/2 - x. Determine d(p).
-5
Let g(a) be the third derivative of -a**4/24 - a**3/6 - 8*a**2. Calculate g(-7).
6
Suppose n + n = 0. Let x(a) = a**3 - a**2 + a - 10. Calculate x(n).
-10
Suppose -4*m = -5*h + 15, 0 + 5 = -2*m + 5*h. Let t(a) = -a - 1 - 1 + 0 + 1. Calculate t(m).
4
Let h(c) = -c**3 - 15*c**2 - 15*c - 12. Let n(r) = -r**3 - 14*r**2 - 14*r - 12. Let g(a) = 5*h(a) - 6*n(a). Determine g(-8).
4
Let z(h) = 2*h**2 + 3*h - 3. Let b(i) = -i**3 + i**2 + i - 7. Let r be b(0). Let c = 1 - r. Suppose -1 = 3*k - 3*x + c, -2*x = 0. Calculate z(k).
6
Let m(t) = 2*t**3 + 5*t**2 + 4*t - 3. Let h(w) = -5*w**3 - 11*w**2 - 9*w + 7. Let j(r) = 3*h(r) + 7*m(r). Suppose -3*n = 2*n - 10. What is j(n)?
2
Suppose -b + 9 = 3. Let h(r) = -5*r**3 - 21*r**2 + 30*r - 9. Let g(c) = -3*c**3 - 11*c**2 + 16*c - 4. Let f(v) = -7*g(v) + 4*h(v). What is f(b)